{"id":26,"date":"2023-03-30T14:07:13","date_gmt":"2023-03-30T14:07:13","guid":{"rendered":"https:\/\/marinamilicevicblazicko.com\/?page_id=26"},"modified":"2023-10-24T08:08:12","modified_gmt":"2023-10-24T08:08:12","slug":"usluge","status":"publish","type":"page","link":"https:\/\/marinamilicevicblazicko.com\/?page_id=26","title":{"rendered":"\u010cesta pitanja"},"content":{"rendered":"\r\n\r\n\r\n<p><strong>\u017dELIM NARU\u010cITI NATALNI HOROSKOP, KOJE PODATKE VAM TREBAM DATI<\/strong><\/p>\r\n\r\n\r\n\r\n<p>Za tuma\u010denje natalne karte moram znati to\u010dan datum ro\u0111enja, mjesto ro\u0111enja i to\u010dno vrijeme ro\u0111enja. No, natalnu kartu mo\u017eete naru\u010diti i ako nemate to\u010dan sat ro\u0111enja, ali u tom slu\u010daju ne\u0107emo imati sve potrebne informacije, odnosno, ne\u0107emo znati ascendent (podznak) niti\u00a0 raspored i veli\u010dinu ku\u0107a.<\/p>\r\n\r\n\r\n\r\n<p><strong>ZA\u0160TO JE VA\u017dNO ZNATI ASCENDENT (PODZNAK)<\/strong><\/p>\r\n\r\n\r\n\r\n<p>Ascendent ili podznak pokazati \u0107e nam kako se osoba pona\u0161a, kako izgleda, kako se prikazuje prema van i kakav dojam ostavlja na svoju okolinu. \u00a0<\/p>\r\n\r\n\r\n\r\n<p><strong>\u0160TO SU KU\u0106E I ZA\u0160TO JE VA\u017dNO ZNATI NJIHOV RASPORED I VELI\u010cINU<\/strong><\/p>\r\n\r\n\r\n\r\n<p>Ku\u0107a ima koliko i znakova, ukupno 12, a svaka simbolizira odre\u0111eno podru\u010dje \u017eivota. U trenutku ro\u0111enja, planete se nalaze u odre\u0111enim ku\u0107ama, odnosno znakovima i stvaraju me\u0111usobne odnose. Primjer: ako imamo Mjesec u Lavu, znamo \u0161to to zna\u010di, ali puno vi\u0161e \u0107emo znati ako znamo i u kojoj ku\u0107i se nalazi, jer Mjesec u Lavu u prvoj ku\u0107i djeluje sasvim druga\u010dije od Mjeseca u Lavu u osmoj ku\u0107i.<\/p>\r\n\r\n\r\n\r\n<p><a href=\"mailto:marina.milicevic.blazicko@gmail.com\">marina.milicevic.blazicko@gmail.com<\/a><\/p>\r\n<p>&nbsp;<\/p>\r\n","protected":false},"excerpt":{"rendered":"<p>\u017dELIM NARU\u010cITI NATALNI HOROSKOP, KOJE PODATKE VAM TREBAM DATI Za tuma\u010denje natalne karte moram znati to\u010dan datum ro\u0111enja, mjesto ro\u0111enja i to\u010dno vrijeme ro\u0111enja. No, natalnu kartu mo\u017eete naru\u010diti i ako nemate to\u010dan sat ro\u0111enja, ali u tom slu\u010daju ne\u0107emo imati sve potrebne informacije, odnosno, ne\u0107emo znati ascendent (podznak) niti\u00a0 raspored i veli\u010dinu ku\u0107a. ZA\u0160TO&hellip;&nbsp;<a href=\"https:\/\/marinamilicevicblazicko.com\/?page_id=26\" rel=\"bookmark\">Read More &raquo;<span class=\"screen-reader-text\">\u010cesta pitanja<\/span><\/a><\/p>\n","protected":false},"author":1,"featured_media":0,"parent":0,"menu_order":0,"comment_status":"closed","ping_status":"closed","template":"","meta":{"neve_meta_sidebar":"","neve_meta_container":"","neve_meta_enable_content_width":"off","neve_meta_content_width":100,"neve_meta_title_alignment":"","neve_meta_author_avatar":"","neve_post_elements_order":"","neve_meta_disable_header":"","neve_meta_disable_footer":"","neve_meta_disable_title":"","footnotes":""},"class_list":["post-26","page","type-page","status-publish","hentry"],"blog_post_layout_featured_media_urls":{"thumbnail":"","full":""},"categories_names":null,"comments_number":"0","jetpack_sharing_enabled":true,"_links":{"self":[{"href":"https:\/\/marinamilicevicblazicko.com\/index.php?rest_route=\/wp\/v2\/pages\/26","targetHints":{"allow":["GET"]}}],"collection":[{"href":"https:\/\/marinamilicevicblazicko.com\/index.php?rest_route=\/wp\/v2\/pages"}],"about":[{"href":"https:\/\/marinamilicevicblazicko.com\/index.php?rest_route=\/wp\/v2\/types\/page"}],"author":[{"embeddable":true,"href":"https:\/\/marinamilicevicblazicko.com\/index.php?rest_route=\/wp\/v2\/users\/1"}],"replies":[{"embeddable":true,"href":"https:\/\/marinamilicevicblazicko.com\/index.php?rest_route=%2Fwp%2Fv2%2Fcomments&post=26"}],"version-history":[{"count":15,"href":"https:\/\/marinamilicevicblazicko.com\/index.php?rest_route=\/wp\/v2\/pages\/26\/revisions"}],"predecessor-version":[{"id":1241,"href":"https:\/\/marinamilicevicblazicko.com\/index.php?rest_route=\/wp\/v2\/pages\/26\/revisions\/1241"}],"wp:attachment":[{"href":"https:\/\/marinamilicevicblazicko.com\/index.php?rest_route=%2Fwp%2Fv2%2Fmedia&parent=26"}],"curies":[{"name":"wp","href":"https:\/\/api.w.org\/{rel}","templated":true}]}}